+ 5*t, -3*t = -f - 6. Determine m(f).
-2
Let r(s) = -s**3 - 6*s**2 - 6*s + 7. Let c = -11 - -22. Suppose -c + 1 = 2*j. Give r(j).
12
Let n be ((-27)/(-6))/((108/16)/9). Let j(i) = i - 5. Calculate j(n).
1
Let u(l) = -2*l - 1. Let q(b) = b + 1. Suppose -2*x - 2*h + 13 = -5*x, 4*h - 8 = 0. Let c = -7 - x. Let o(r) = c*u(r) - 5*q(r). Determine o(-3).
-10
Let n(r) be the first derivative of -r**2/2 + 2*r + 7. Give n(6).
-4
Let n(p) = 16*p + 3. Let q(h) = 17*h + 4. Let o = 2 - -1. Let a(v) = o*n(v) - 2*q(v). Determine a(-1).
-13
Let q(r) = r + 2. Let z = -23 - -40. Let o = 12 - z. What is q(o)?
-3
Let v be (-17)/7 + 3 + (-17)/(-7). Let c(n) be the second derivative of -1/2*n**2 + 1/6*n**3 + 0 + v*n. Give c(5).
4
Let f = 10 - 5. Let w(j) = -j - j - 4 + 0*j + 3*j. Give w(f).
1
Let h(k) = k**3 - 3*k**2 - 3*k + 7. Let c be h(3). Let t = 2 + c. Let x(r) = -2*r + 5. Let u(j) = -3*j + 5. Let z(l) = -3*u(l) + 4*x(l). Calculate z(t).
5
Let b(q) = q - 2. Suppose -a + 13 = 7. Calculate b(a).
4
Let p = 37 - 43. Let r(b) = -4*b - 2. Calculate r(p).
22
Let z(g) = g**3 - 10*g**2 - 2. Let b be z(10). Let i be (-2 - -7) + b + 2. Let c(l) = l**2 - 6*l + 1. Determine c(i).
-4
Suppose 2*a = -5 + 13. Suppose -3*w + 6 = j - 2*j, 12 = a*j. Let d(g) = -8*g**2 - 3*g - g**w + 2*g**2 - 4 - g. Calculate d(-5).
-9
Let f be (-6)/4*4/6. Let x(u) = -44*u. Let c(h) = 4*h. Let s(m) = 68*c(m) + 6*x(m). Calculate s(f).
-8
Let d(r) = -r**2 - 12*r - 9. Let j(a) = -a**2 - 13*a - 11. Let s(t) = 6*d(t) - 5*j(t). Let x(g) = -4*g + 2. Let z be x(2). Give s(z).
7
Let m be 2/(-8)*-2*0. Suppose 4*w + 4*z - z - 25 = 0, 5*w + 2*z - 26 = m. Let p(f) = -3 + 5*f**2 - 3 + 3*f + 42*f**3 - 43*f**3 - f**2. What is p(w)?
6
Let n(q) = -3*q + 15. Suppose -u - 2 = -3. Let r = -4 + u. Let j(m) = -2*m + 8. Let t(h) = r*n(h) + 5*j(h). Determine t(-4).
-1
Let c(a) = -5*a. Let o be c(-1). Suppose q + 11 = 4*n, -6*q + o = -q. Let p(d) = 0 + 1 + n*d + 0 + d**2. Determine p(-3).
1
Let a(w) = -2*w - 2 + 0*w + w. Suppose u - 5*u = 20. Give a(u).
3
Let z(t) be the second derivative of t**4/12 - t**2/2 + t. Let i(m) = 4*m**2 - 5*m. Let h(k) = i(k) - 5*z(k). Give h(-5).
5
Let t(z) be the second derivative of z**4/12 - 7*z**3/6 + 3*z**2 + 18*z. Determine t(4).
-6
Let l(t) = 5 - 6*t + 2*t + 3*t. Let v be 0/((2/6)/((-2)/(-6))). Give l(v).
5
Let p(i) be the second derivative of i**3/6 + 7*i**2/2 - 10*i. Let t = -16 - -9. What is p(t)?
0
Let l(g) = g**3 + 3*g**2 + 4. Let x be 12/4 - 4 - 2. Calculate l(x).
4
Let p(v) = 74*v - 2*v**2 - 70*v + 2 + 5*v**2. Give p(-2).
6
Let j(v) = v + 1. Let d be j(0). Suppose -4*x - d = -5. Let c(f) = 3 + x - 2 - f. Give c(6).
-4
Let p(z) = -z - 7 + 12 - 5. Give p(-1).
1
Let v(c) = -c**3 - 5*c**2 - 4*c + 3. Let i = 10 - 4. Suppose i*q - 3*q + 12 = 0. Give v(q).
3
Let q(u) = 6 - 2*u - 8 - u. Give q(-4).
10
Let m(c) be the third derivative of -c**4/4 - c**3/2 - 3*c**2. Determine m(-2).
9
Let g(l) = l - 1. Let i = -47 - -41. Determine g(i).
-7
Let l(w) = 3 - 2 - 2 - 2*w. Let k(x) = -x. Let r(j) = 5*k(j) - l(j). Suppose -n = 4*n - 5. What is r(n)?
-2
Let v(c) = 3*c**2 - 17*c + 10. Let r(a) = 2*a**2 - 9*a + 5. Let b(g) = -5*r(g) + 3*v(g). What is b(-4)?
13
Let h(o) = 5 + 49*o + o**2 - 44*o + 0. Let f be (1 + (-10)/6)*6. What is h(f)?
1
Let c(l) = -l**3 - 5*l**2 - 3*l - 2. Let b be c(-4). Let w(t) = t**3 + 6*t**2 + 3*t + 2. Determine w(b).
-16
Let r(q) = -5*q + 10. Let c(t) = 10*t - 21. Let f(x) = 6*c(x) + 13*r(x). Give f(3).
-11
Suppose -3*p = -4*o + 2*p - 9, 0 = -2*o - p - 15. Let v(s) = -2*s - 15. Let q(a) = 2*a + 16. Let x(y) = o*q(y) - 7*v(y). Calculate x(-7).
-5
Let d(s) = s**3 - 6*s**2 + s - 4. Suppose -3*o + 5*z + 8 = 0, 0 = -3*o - 0*o + 2*z + 14. Determine d(o).
2
Let t(w) be the second derivative of -w**3/6 - 11*w**2/2 + 4*w. Determine t(-8).
-3
Let y(j) be the second derivative of -1/2*j**2 + 0 - j - 1/12*j**4 - 9/20*j**5 + 1/6*j**3. Determine y(1).
-10
Let y(r) = 2*r**2 - 5*r - 1. Let j(q) = 3*q**2 - 6*q - 1. Let t be (-76)/18 + (-18)/(-81). Let c(s) = t*y(s) + 3*j(s). What is c(2)?
9
Let s = -8 + 10. Suppose 6*j = s*j. Let y(c) = -c + 9. Determine y(j).
9
Let g be (42/35)/(2/(-5)). Let b(s) = -6*s**3 + 4*s**2 + 6*s + 26. Let y(w) = w**3 - w**2 - w - 5. Let p(j) = -2*b(j) - 11*y(j). Determine p(g).
6
Let k(j) = -j**2 + 9*j - 9. Let s(r) = r**2 - 5*r - 16. Let l be s(8). What is k(l)?
-1
Let u(y) be the third derivative of -y**4/24 + 2*y**3/3 + 27*y**2. What is u(6)?
-2
Let a(v) be the third derivative of -v**2 - 1/6*v**3 + 0*v + 1/30*v**5 + 1/12*v**4 + 0. Give a(1).
3
Let j(o) = -o. Let z be j(1). Let b(u) = -u**2 - 3*u**3 - 3*u**2 + 5*u**2. Give b(z).
4
Let n = -20 + 23. Let q(i) = -3*i**2 + 5*i - 3. Let j(k) = -2*k**2 + 3*k - 2. Let s(y) = -8*j(y) + 5*q(y). Give s(n).
13
Suppose 3*v - v = 0. Let z = v + 7. Suppose -3 = -2*g - 3*w - 14, g + 2*w = -z. Let b(k) = k**3 + 2*k**2 - 1. Calculate b(g).
0
Let g(o) = 0 + 5*o**2 + o**3 - 3 + 4*o + 0*o. Let a be 3*(2/6)/(9/(-36)). Calculate g(a).
-3
Let f(k) = -k + 1. Suppose -2*a - 2*u - 4 = 0, -2*u - 5 + 1 = -2*a. Suppose 2*r - i - 16 = a, -2*r - 4*i - 1 - 3 = 0. Calculate f(r).
-5
Let d = -91 + 94. Let n(l) = 2*l**2 - 4*l. Give n(d).
6
Let f(d) = d**3 + 6*d**2 + 4*d + 4. Let q = 57 + -40. Suppose 5*n = 2*w - 17, -q = n - 2*w + 5*w. Calculate f(n).
9
Let u(w) = w**2 - 4*w + 1. Let f(r) = -6*r**3 - 2*r**2 - 2*r. Let p be f(-1). Give u(p).
13
Let q(v) = -v**2 + 6*v - 5. Let h be q(5). Let p(t) = -t**3 + t**2 + t - 1. Let o be p(h). Let f(j) = -5*j**2 + 2*j + 1. Give f(o).
-6
Let n = -9 - -3. Let u = -4 - n. Let c(j) = -5*j. Calculate c(u).
-10
Let g(j) = j**3 - 8*j**2 + 9*j - 3. Let m = 62 + -55. Determine g(m).
11
Let a(b) = -b + 1. Let j(m) = 5*m - 3. Let d(t) = 9*a(t) + 2*j(t). Give d(8).
11
Let n(p) = 2*p + 7 - 3*p - 6. Let d be 22/18 - (-4)/(-18). Let q be -2 - (0 - (-2 + d)). Calculate n(q).
4
Let w(x) = -x**2 + 3*x + 3. Let t = 1 + 2. Let l(k) = 1 - 2*k**2 + k**3 + 4*k**3 - k**t + k**2. Let m be l(1). Calculate w(m).
-1
Let d(r) be the second derivative of -r**4/12 + 7*r**3/6 - 3*r**2/2 + 30*r. Give d(6).
3
Let h(m) = -m**2 + 4*m. Let v be 0 - 0 - (6 + -1 + -9). Determine h(v).
0
Let a(b) = 2*b - 3. Let p be ((-18)/(-10))/((-9)/(-30)). Calculate a(p).
9
Let j(h) = 14*h**3 + 17*h**2 + 14*h - 35. Let o(w) = 5*w**3 + 6*w**2 + 5*w - 12. Let v(n) = -6*j(n) + 17*o(n). Suppose 0 = -3*b - b. Determine v(b).
6
Suppose -4*y = 4*q - 16, -3 = -5*y + 3*q + 17. Let u = 12 + -6. Let m(g) = 10*g - 3*g + 4 - u*g. Calculate m(y).
8
Let h(p) = -p**3 + 6*p**2 - 5*p - 2. Let w(j) = j**2 + 2*j - 30. Let q be w(-7). What is h(q)?
-2
Let d(t) = t**3 - 2*t**2 - 2*t + 1. Let l be d(3). Let i = 0 - l. Let m(c) be the third derivative of c**4/24 + 3*c**3/2 - 2*c**2. Calculate m(i).
5
Let i(b) = -b**2 - 3*b - 1. Let l be i(-4). Let u(f) = -f**3 - 5*f**2 - 4. Give u(l).
-4
Suppose 0 = 21*r - 0 + 21. Let h(f) = f**2. Let a(p) = -p**2 - p - 1. Let i(n) = a(n) + 3*h(n). Give i(r).
2
Let p(g) = -4*g + 2. Let n = 101 + -105. Determine p(n).
18
Let a(o) = -4*o**3 + 2*o**2 - 2*o + 1. Let t = 10 + -7. Suppose t*w + s - 16 = -s, 0 = 5*w + s - 15. Let c = w - 1. Give a(c).
-3
Let z = -6 - -6. Let p(m) be the second derivative of -1/12*m**4 - 1/6*m**3 - m - 3/2*m**2 + 0 + 1/20*m**5. Determine p(z).
-3
Suppose 18 = 5*d - 0*k + 4*k, -10 = -4*d - k. Let r(g) = g + g - 1 + d. Let t(f) = f**3 + 4*f**2 - 4*f + 2. Let z be t(-5). Determine r(z).
-5
Let k(y) = -y + 1. Suppose 12 = -11*w + 9*w. Give k(w).
7
Let n(t) = t**3 - 5*t**2 + t - 7. Suppose y - 15 = 2*w, 0 = -3*y + y - 3*w + 9. Suppose 24 = -2*j + 16. Let z = j + y. Determine n(z).
-2
Let x(m) = 1 - 3 - 7 - m + 2. Suppose -2*o = 3*o. Give x(o).
-7
Let o(k) = -k**3 - 2*k**2. Let l = -3 - -6. Suppose -r - h - 23 = l*r, h + 18 = -3*r. Let n = 4 + r. Give o(n).
-1
Let l be 4/2*(-12)/(-8). Suppose -5*w + 6 = q, -3*w = -7*w + q + l. Let u(t) = 4*t. Give u(w).
4
Let m = 29 + -29. Let l(k) = -k - 1. What is l(m)?
-1
Suppose 3 = -0*j - j + 5*p, 3*j + 9 = 3*p. Let d = j + 5. Suppose 0*q - d*q = 2. Let h(v) = 7*v**3 + v**2 + 2*v + 1. Determine h(q).
-7
Let t(v) = -v**2. Let j(x) be the second derivative of -x**5/20 + x**4/4 + 2*x**3/3 - x**2 + 2*x. Let o(f) = j(f) - t(f). Determine o(5).
-7
Let n be (4/(-5))/(6/(-15)). Let l(q) be the se